{"id":5007,"date":"2016-09-29T18:40:37","date_gmt":"2016-09-29T18:40:37","guid":{"rendered":"https:\/\/postesdelcentro.com.ve\/?page_id=5007"},"modified":"2016-11-21T05:25:51","modified_gmt":"2016-11-21T05:25:51","slug":"servicios","status":"publish","type":"page","link":"https:\/\/postesdelcentro.com.ve\/?page_id=5007","title":{"rendered":"Servicios"},"content":{"rendered":"\n<style type=\"text\/css\" data-created_by=\"avia_inline_auto\" id=\"style-css-av-av_section-984826da4855c17f454ff03285f1e956\">\n.avia-section.av-av_section-984826da4855c17f454ff03285f1e956{\nbackground-repeat:no-repeat;\nbackground-image:url(https:\/\/postesdelcentro.com.ve\/wp-content\/uploads\/2016\/09\/20160308_143518-1500x630.jpg);\nbackground-position:50% 50%;\nbackground-attachment:scroll;\n}\n<\/style>\n<div id='av_section_1'  class='avia-section av-av_section-984826da4855c17f454ff03285f1e956 alternate_color avia-section-no-padding avia-no-border-styling  avia-builder-el-0  el_before_av_section  avia-builder-el-first  avia-bg-style-scroll av-minimum-height av-minimum-height-custom av-height-custom  container_wrap fullsize'  data-section-bg-repeat='no-repeat' data-av_minimum_height_px='600'><div class='container av-section-cont-open' style='height:600px'><main  role=\"main\" itemprop=\"mainContentOfPage\"  class='template-page content  av-content-full alpha units'><div class='post-entry post-entry-type-page post-entry-5007'><div class='entry-content-wrapper clearfix'>\n<div  class='flex_column av-av_one_half-2a9015ff38129c418a3f2eafba3e9512 av_one_half  avia-builder-el-1  el_before_av_one_half  avia-builder-el-first  first flex_column_div  '     ><\/div><div  class='flex_column av-av_one_half-75d3b6862cb92909ce7b9878f30b6cf9 av_one_half  avia-builder-el-2  el_after_av_one_half  avia-builder-el-last  flex_column_div  '     ><section  class='av_textblock_section av-av_textblock-0366cc7376be6c9e82a3e9cc8987b64f '   itemscope=\"itemscope\" itemtype=\"https:\/\/schema.org\/CreativeWork\" ><div class='avia_textblock'  itemprop=\"text\" ><h2 style=\"text-align: center;\"><span style=\"color: #ffff00;\">Transporte Especializado<\/span><\/h2>\n<p><img loading=\"lazy\" decoding=\"async\" class=\"size-full wp-image-5278 aligncenter\" src=\"https:\/\/postesdelcentro.com.ve\/wp-content\/uploads\/2016\/09\/rectangulo-amarillo.png\" alt=\"rectangulo-amarillo\" width=\"85\" height=\"3\" srcset=\"https:\/\/postesdelcentro.com.ve\/wp-content\/uploads\/2016\/09\/rectangulo-amarillo.png 85w, https:\/\/postesdelcentro.com.ve\/wp-content\/uploads\/2016\/09\/rectangulo-amarillo-80x3.png 80w\" sizes=\"auto, (max-width: 85px) 100vw, 85px\" \/><\/p>\n<p style=\"text-align: center;\"><span style=\"font-size: 20px; color: #000000;\"><span style=\"color: #ffffff;\">Poseemos las unidades de transporte y el personal especializado para transportar todos nuestros productos a todo el territorio nacional<\/span>.<\/span><\/p>\n<\/div><\/section><\/div>\n\n<\/div><\/div><\/main><!-- close content main element --><\/div><\/div>\n<style type=\"text\/css\" data-created_by=\"avia_inline_auto\" id=\"style-css-av-av_section-c7f4cfc768cdad41bc53157b6b80ca4c\">\n.avia-section.av-av_section-c7f4cfc768cdad41bc53157b6b80ca4c{\nbackground-repeat:no-repeat;\nbackground-image:url(https:\/\/postesdelcentro.com.ve\/wp-content\/uploads\/2016\/09\/Customer-service-1500x600.jpg);\nbackground-position:50% 50%;\nbackground-attachment:scroll;\n}\n<\/style>\n<div id='av_section_2'  class='avia-section av-av_section-c7f4cfc768cdad41bc53157b6b80ca4c alternate_color avia-section-no-padding avia-no-border-styling  avia-builder-el-4  el_after_av_section  el_before_av_section  avia-bg-style-scroll av-minimum-height av-minimum-height-custom av-height-custom  container_wrap fullsize'  data-section-bg-repeat='no-repeat' data-av_minimum_height_px='600'><div class='container av-section-cont-open' style='height:600px'><div class='template-page content  av-content-full alpha units'><div class='post-entry post-entry-type-page post-entry-5007'><div class='entry-content-wrapper clearfix'>\n<div  class='flex_column av-av_one_half-2a9015ff38129c418a3f2eafba3e9512 av_one_half  avia-builder-el-5  el_before_av_one_half  avia-builder-el-first  first flex_column_div  '     ><section  class='av_textblock_section av-av_textblock-0366cc7376be6c9e82a3e9cc8987b64f '   itemscope=\"itemscope\" itemtype=\"https:\/\/schema.org\/CreativeWork\" ><div class='avia_textblock'  itemprop=\"text\" ><h2 style=\"text-align: center;\"><span style=\"color: #000000;\">Asesor\u00eda y atenci\u00f3n<\/span><\/h2>\n<p><span style=\"color: #ffffff;\"><img loading=\"lazy\" decoding=\"async\" class=\"size-full wp-image-5280 aligncenter\" src=\"https:\/\/postesdelcentro.com.ve\/wp-content\/uploads\/2016\/09\/rectanguloplata.png\" alt=\"rectanguloplata\" width=\"119\" height=\"4\" srcset=\"https:\/\/postesdelcentro.com.ve\/wp-content\/uploads\/2016\/09\/rectanguloplata.png 119w, https:\/\/postesdelcentro.com.ve\/wp-content\/uploads\/2016\/09\/rectanguloplata-80x4.png 80w\" sizes=\"auto, (max-width: 119px) 100vw, 119px\" \/><\/span><\/p>\n<p style=\"text-align: center;\"><span style=\"color: #ffffff; font-size: 14px;\">Nuestro personal cuenta con la experiencia y el conocimiento necesario para asesorar, ayudarle y despejar sus dudas, ac\u00e9rquese a nuestra oficina, o comun\u00edquese a nuestros tel\u00e9fonos y ser\u00e1 atendido con el mayor de los gustos.<\/span><\/p>\n<p style=\"text-align: center;\"><span style=\"color: #ffffff; font-size: 14px;\"><br \/>\nY si desea que uno de nuestros asesores de ventas le dispense una visita, comun\u00edquese con nuestros tel\u00e9fonos, ind\u00edquenos el lugar de la visita y ser\u00e1 atendido a la brevedad por el equipo de asesor\u00eda y atenci\u00f3n al cliente de la zona correspondiente a su ubicaci\u00f3n.<br \/>\n<\/span><\/p>\n<\/div><\/section><\/div><div  class='flex_column av-av_one_half-75d3b6862cb92909ce7b9878f30b6cf9 av_one_half  avia-builder-el-7  el_after_av_one_half  avia-builder-el-last  flex_column_div  '     ><\/div><\/div><\/div><\/div><!-- close content main div --><\/div><\/div>\n<style type=\"text\/css\" data-created_by=\"avia_inline_auto\" id=\"style-css-av-av_section-e243aad34781cf103e6d546778910454\">\n.avia-section.av-av_section-e243aad34781cf103e6d546778910454{\nbackground-repeat:no-repeat;\nbackground-image:url(https:\/\/postesdelcentro.com.ve\/wp-content\/uploads\/2016\/09\/Our-People-46-1-1280x630.jpg);\nbackground-position:50% 50%;\nbackground-attachment:scroll;\n}\n<\/style>\n<div id='av_section_3'  class='avia-section av-av_section-e243aad34781cf103e6d546778910454 alternate_color avia-section-no-padding avia-no-border-styling  avia-builder-el-8  el_after_av_section  el_before_av_section  avia-bg-style-scroll av-minimum-height av-minimum-height-custom av-height-custom  container_wrap fullsize'  data-section-bg-repeat='no-repeat' data-av_minimum_height_px='600'><div class='container av-section-cont-open' style='height:600px'><div class='template-page content  av-content-full alpha units'><div class='post-entry post-entry-type-page post-entry-5007'><div class='entry-content-wrapper clearfix'>\n<div  class='flex_column av-av_one_fifth-2a9015ff38129c418a3f2eafba3e9512 av_one_fifth  avia-builder-el-9  el_before_av_three_fifth  avia-builder-el-first  first flex_column_div  '     ><\/div><div  class='flex_column av-av_three_fifth-75d3b6862cb92909ce7b9878f30b6cf9 av_three_fifth  avia-builder-el-10  el_after_av_one_fifth  el_before_av_one_fifth  flex_column_div  '     ><section  class='av_textblock_section av-av_textblock-0366cc7376be6c9e82a3e9cc8987b64f '   itemscope=\"itemscope\" itemtype=\"https:\/\/schema.org\/CreativeWork\" ><div class='avia_textblock'  itemprop=\"text\" ><h2 style=\"text-align: center;\"><span style=\"color: #ffffff;\">Elaboraci\u00f3n de Proyectos El\u00e9ctricos<\/span><\/h2>\n<h2 style=\"text-align: center;\"><span style=\"color: #000000;\"><img loading=\"lazy\" decoding=\"async\" class=\"size-full wp-image-5286 aligncenter\" src=\"https:\/\/postesdelcentro.com.ve\/wp-content\/uploads\/2016\/09\/ba.png\" alt=\"ba\" width=\"50\" height=\"4\" srcset=\"https:\/\/postesdelcentro.com.ve\/wp-content\/uploads\/2016\/09\/ba.png 50w, https:\/\/postesdelcentro.com.ve\/wp-content\/uploads\/2016\/09\/ba-36x4.png 36w\" sizes=\"auto, (max-width: 50px) 100vw, 50px\" \/><\/span><\/h2>\n<p style=\"text-align: center;\"><span style=\"color: #ffffff; font-size: 16px;\">Ofrecemos el servicio de levantamiento en campo y elaboraci\u00f3n del proyecto el\u00e9ctrico, incluyendo\u00a0 c\u00e1lculos y resumen final de materiales necesarios para realizar la obra o instalaci\u00f3n.<\/span><\/p>\n<p style=\"text-align: center;\"><span style=\"color: #ffffff; font-size: 16px;\">En caso de que usted no posea un proyecto, ni los c\u00e1lculos el\u00e9ctricos, pero tiene la necesidad de realizar una instalaci\u00f3n, un tendido el\u00e9ctrico, o de realizar un proyecto t\u00e9cnico de iluminaci\u00f3n de un \u00e1rea o espacio espec\u00edfico, nosotros ponemos a su disposici\u00f3n la participaci\u00f3n de un grupo de ingenieros el\u00e9ctricos que con todo el gusto le atender\u00e1, har\u00e1 la inspecci\u00f3n en campo y\u00a0 realizar\u00e1 los c\u00e1lculos y el proyecto que cumpla con su necesidad..<\/span><\/p>\n<\/div><\/section><\/div><div  class='flex_column av-av_one_fifth-75d3b6862cb92909ce7b9878f30b6cf9 av_one_fifth  avia-builder-el-12  el_after_av_three_fifth  avia-builder-el-last  flex_column_div  '     ><\/div>\n<\/p>\n<\/div><\/div><\/div><!-- close content main div --><\/div><\/div>\n<style type=\"text\/css\" data-created_by=\"avia_inline_auto\" id=\"style-css-av-av_section-61e05f7de2870af09f0f0ff71829b291\">\n.avia-section.av-av_section-61e05f7de2870af09f0f0ff71829b291{\nbackground-repeat:no-repeat;\nbackground-image:url(https:\/\/postesdelcentro.com.ve\/wp-content\/uploads\/2016\/09\/Local_President_Steve_Corrado_and_Sub_Station_Electrician_Clyde_Benjamin_working_on_a_230kv_transformer.194212038_large-1280x630.jpg);\nbackground-position:50% 50%;\nbackground-attachment:scroll;\n}\n<\/style>\n<div id='av_section_4'  class='avia-section av-av_section-61e05f7de2870af09f0f0ff71829b291 alternate_color avia-section-no-padding avia-no-border-styling  avia-builder-el-13  el_after_av_section  el_before_av_section  avia-bg-style-scroll av-minimum-height av-minimum-height-custom av-height-custom  container_wrap fullsize'  data-section-bg-repeat='no-repeat' data-av_minimum_height_px='600'><div class='container av-section-cont-open' style='height:600px'><div class='template-page content  av-content-full alpha units'><div class='post-entry post-entry-type-page post-entry-5007'><div class='entry-content-wrapper clearfix'>\n<div  class='flex_column av-av_one_fifth-2a9015ff38129c418a3f2eafba3e9512 av_one_fifth  avia-builder-el-14  el_before_av_three_fifth  avia-builder-el-first  first flex_column_div  '     ><\/div><div  class='flex_column av-av_three_fifth-75d3b6862cb92909ce7b9878f30b6cf9 av_three_fifth  avia-builder-el-15  el_after_av_one_fifth  el_before_av_one_fifth  flex_column_div  '     ><style type=\"text\/css\" data-created_by=\"avia_inline_auto\" id=\"style-css-av-av_image-3cd16d2449bd51b2ef870e81b5e77d88\">\n.avia-image-container.av-av_image-3cd16d2449bd51b2ef870e81b5e77d88 img.avia_image{\nbox-shadow:none;\n}\n.avia-image-container.av-av_image-3cd16d2449bd51b2ef870e81b5e77d88 .av-image-caption-overlay-center{\ncolor:#ffffff;\n}\n<\/style>\n<div  class='avia-image-container av-av_image-3cd16d2449bd51b2ef870e81b5e77d88 av-styling- avia-align-center  avia-builder-el-16  avia-builder-el-no-sibling '   itemprop=\"image\" itemscope=\"itemscope\" itemtype=\"https:\/\/schema.org\/ImageObject\" ><div class=\"avia-image-container-inner\"><div class=\"avia-image-overlay-wrap\"><img fetchpriority=\"high\" class='wp-image-5295 avia-img-lazy-loading-not-5295 avia_image ' src='https:\/\/postesdelcentro.com.ve\/wp-content\/uploads\/2016\/09\/logo-1.png' alt='' title='logo'  height=\"521\" width=\"2736\"  itemprop=\"thumbnailUrl\"  \/><\/div><\/div><\/div><\/div><div  class='flex_column av-av_one_fifth-75d3b6862cb92909ce7b9878f30b6cf9 av_one_fifth  avia-builder-el-17  el_after_av_three_fifth  avia-builder-el-last  flex_column_div  '     ><\/div>\n\n<\/div><\/div><\/div><!-- close content main div --><\/div><\/div><div id='av_section_5'  class='avia-section av-av_section-8b26b6ea7b09f639ac96b8caeb95194b alternate_color avia-section-small avia-no-border-styling  avia-builder-el-18  el_after_av_section  el_before_av_section  avia-bg-style-scroll av-minimum-height av-minimum-height-custom av-height-custom  container_wrap fullsize'   data-av_minimum_height_px='150'><div class='container av-section-cont-open' style='height:150px'><div class='template-page content  av-content-full alpha units'><div class='post-entry post-entry-type-page post-entry-5007'><div class='entry-content-wrapper clearfix'>\n<div  class='flex_column av-av_one_half-2a9015ff38129c418a3f2eafba3e9512 av_one_half  avia-builder-el-19  el_before_av_one_half  avia-builder-el-first  first flex_column_div  '     ><p><section  class='av_textblock_section av-av_textblock-0366cc7376be6c9e82a3e9cc8987b64f '   itemscope=\"itemscope\" itemtype=\"https:\/\/schema.org\/CreativeWork\" ><div class='avia_textblock'  itemprop=\"text\" ><p><span style=\"font-family: Lato; font-size: 16px;\">Esperamos que a partir de hoy, <strong>Postes del Centro, C.A<\/strong>, pase a ser, adem\u00e1s de su proveedor habitual, la empresa en la que puede confiar plenamente cuando piense en postes y materiales electricos.<\/span><\/p>\n<\/div><\/section><br \/>\n<section  class='av_textblock_section av-av_textblock-0366cc7376be6c9e82a3e9cc8987b64f '   itemscope=\"itemscope\" itemtype=\"https:\/\/schema.org\/CreativeWork\" ><div class='avia_textblock'  itemprop=\"text\" ><p style=\"text-align: left;\"><strong><a href=\"https:\/\/postesdelcentro.com.ve\/contacto-2\/\">\u00a1CONTACTANOS!<\/a><\/strong><\/p>\n<\/div><\/section><br \/>\n<section  class='av_textblock_section av-av_textblock-0366cc7376be6c9e82a3e9cc8987b64f '   itemscope=\"itemscope\" itemtype=\"https:\/\/schema.org\/CreativeWork\" ><div class='avia_textblock'  itemprop=\"text\" ><p><img loading=\"lazy\" decoding=\"async\" class=\"size-full wp-image-54 alignleft\" src=\"https:\/\/postesdelcentro.com.ve\/wp-content\/uploads\/2016\/02\/phone-call-80x80.png\" alt=\"Local\" width=\"32\" height=\"32\" \/><strong>+58 241 8717387<\/strong><\/p>\n<\/div><\/section><br \/>\n<section  class='av_textblock_section av-av_textblock-0366cc7376be6c9e82a3e9cc8987b64f '   itemscope=\"itemscope\" itemtype=\"https:\/\/schema.org\/CreativeWork\" ><div class='avia_textblock'  itemprop=\"text\" ><p><img loading=\"lazy\" decoding=\"async\" class=\"size-full wp-image-54 alignleft\" src=\"https:\/\/postesdelcentro.com.ve\/wp-content\/uploads\/2016\/02\/phone-call-80x80.png\" alt=\"Local\" width=\"32\" height=\"32\" \/><strong>+58 424 4561177<\/strong><\/p>\n<\/div><\/section><br \/>\n<section  class='av_textblock_section av-av_textblock-0366cc7376be6c9e82a3e9cc8987b64f '   itemscope=\"itemscope\" itemtype=\"https:\/\/schema.org\/CreativeWork\" ><div class='avia_textblock'  itemprop=\"text\" ><p><img loading=\"lazy\" decoding=\"async\" class=\"size-full wp-image-54 alignleft\" src=\"https:\/\/postesdelcentro.com.ve\/wp-content\/uploads\/2016\/02\/envelope-80x80.png\" alt=\"Local\" width=\"32\" height=\"32\" \/><strong>ventas@postesdelcentro.com.ve<\/strong><\/p>\n<\/div><\/section><br \/>\n<section  class='av_textblock_section av-av_textblock-0366cc7376be6c9e82a3e9cc8987b64f '   itemscope=\"itemscope\" itemtype=\"https:\/\/schema.org\/CreativeWork\" ><div class='avia_textblock'  itemprop=\"text\" ><p><img loading=\"lazy\" decoding=\"async\" class=\"size-full wp-image-54 alignleft\" src=\"https:\/\/postesdelcentro.com.ve\/wp-content\/uploads\/2016\/02\/placeholder-80x80.png\" alt=\"Local\" width=\"32\" height=\"32\" \/><strong>Urb. Industrial Terrazas de Castillito,\u00a0 Centro Comercial\u00a0 Cem II, Galp\u00f3n G-9,\u00a0Municipio San Diego, Estado Carabobo.<\/strong><\/p>\n<\/div><\/section><\/p><\/div><div  class='flex_column av-av_one_half-75d3b6862cb92909ce7b9878f30b6cf9 av_one_half  avia-builder-el-26  el_after_av_one_half  avia-builder-el-last  flex_column_div  '     ><div  class='av_gmaps_sc_main_wrap av_gmaps_main_wrap '><div id='av_gmap_0' class='avia-google-map-container avia-google-map-sc av_gmaps_show_unconditionally av-no-fallback-img ' data-mapid='av_gmap_0'  style='height: 250px;'><a class=\"av_gmaps_browser_disabled av_text_confirm_link av_text_confirm_link_visible\" href=\"https:\/\/www.google.com\/maps\/search\/?api=1&#038;query=Calle%20La%20Pedrera%20%20Valencia%20%20Venezuela\" target=\"_blank\" rel=\"noopener\">Maps were disabled by the visitor on this site. Click to open the map in a new window.<\/a><\/div><\/div><\/div>\n\n<\/div><\/div><\/div><!-- close content main div --><\/div><\/div><div id='av_section_6'  class='avia-section av-av_section-ee88c319f0cb98b6695a04a23b820fca footer_color avia-section-small avia-no-border-styling  avia-builder-el-28  el_after_av_section  avia-builder-el-last  avia-bg-style-scroll container_wrap fullsize'  ><div class='container av-section-cont-open' ><div class='template-page content  av-content-full alpha units'><div class='post-entry post-entry-type-page post-entry-5007'><div class='entry-content-wrapper clearfix'>\n<section  class='av_textblock_section av-av_textblock-0366cc7376be6c9e82a3e9cc8987b64f '   itemscope=\"itemscope\" itemtype=\"https:\/\/schema.org\/CreativeWork\" ><div class='avia_textblock'  itemprop=\"text\" ><p style=\"text-align: center;\"><span style=\"font-family: Lato;\">Postes del Centro, C.A., R.I.F.: J-40264929-0 | Todos los derechos reservados | Desarollado por Chicha Con Canela<\/span><\/p>\n<\/div><\/section>\n\n","protected":false},"excerpt":{"rendered":"","protected":false},"author":1,"featured_media":0,"parent":0,"menu_order":0,"comment_status":"closed","ping_status":"closed","template":"","meta":{"footnotes":""},"class_list":["post-5007","page","type-page","status-publish","hentry"],"yoast_head":"<!-- This site is optimized with the Yoast SEO plugin v27.5 - https:\/\/yoast.com\/product\/yoast-seo-wordpress\/ -->\n<title>Servicios | Postes del Centro, C.A.<\/title>\n<meta name=\"description\" content=\"Nos dedicamos a la fabricaci\u00f3n de postes tubulares, hexagonales y torres de iluminaci\u00f3n, accesorios y comercializaci\u00f3n de materiales el\u00e9ctricos.\" \/>\n<meta name=\"robots\" content=\"index, follow, max-snippet:-1, max-image-preview:large, max-video-preview:-1\" \/>\n<link rel=\"canonical\" href=\"https:\/\/postesdelcentro.com.ve\/?page_id=5007\" \/>\n<meta property=\"og:locale\" content=\"es_ES\" \/>\n<meta property=\"og:type\" content=\"article\" \/>\n<meta property=\"og:title\" content=\"Servicios | Postes del Centro, C.A.\" \/>\n<meta property=\"og:description\" content=\"Nos dedicamos a la fabricaci\u00f3n de postes tubulares, hexagonales y torres de iluminaci\u00f3n, accesorios y comercializaci\u00f3n de materiales el\u00e9ctricos.\" \/>\n<meta property=\"og:url\" content=\"https:\/\/postesdelcentro.com.ve\/?page_id=5007\" \/>\n<meta property=\"og:site_name\" content=\"Postes del Centro\" \/>\n<meta property=\"article:modified_time\" content=\"2016-11-21T05:25:51+00:00\" \/>\n<meta property=\"og:image\" content=\"https:\/\/postesdelcentro.com.ve\/wp-content\/uploads\/2016\/09\/rectangulo-amarillo.png\" \/>\n<meta name=\"twitter:card\" content=\"summary_large_image\" \/>\n<meta name=\"twitter:label1\" content=\"Est. reading time\" \/>\n\t<meta name=\"twitter:data1\" content=\"5 minutos\" \/>\n<script type=\"application\/ld+json\" class=\"yoast-schema-graph\">{\"@context\":\"https:\\\/\\\/schema.org\",\"@graph\":[{\"@type\":\"WebPage\",\"@id\":\"https:\\\/\\\/postesdelcentro.com.ve\\\/?page_id=5007\",\"url\":\"https:\\\/\\\/postesdelcentro.com.ve\\\/?page_id=5007\",\"name\":\"Servicios | Postes del Centro, C.A.\",\"isPartOf\":{\"@id\":\"https:\\\/\\\/postesdelcentro.com.ve\\\/#website\"},\"primaryImageOfPage\":{\"@id\":\"https:\\\/\\\/postesdelcentro.com.ve\\\/?page_id=5007#primaryimage\"},\"image\":{\"@id\":\"https:\\\/\\\/postesdelcentro.com.ve\\\/?page_id=5007#primaryimage\"},\"thumbnailUrl\":\"https:\\\/\\\/postesdelcentro.com.ve\\\/wp-content\\\/uploads\\\/2016\\\/09\\\/rectangulo-amarillo.png\",\"datePublished\":\"2016-09-29T18:40:37+00:00\",\"dateModified\":\"2016-11-21T05:25:51+00:00\",\"description\":\"Nos dedicamos a la fabricaci\u00f3n de postes tubulares, hexagonales y torres de iluminaci\u00f3n, accesorios y comercializaci\u00f3n de materiales el\u00e9ctricos.\",\"breadcrumb\":{\"@id\":\"https:\\\/\\\/postesdelcentro.com.ve\\\/?page_id=5007#breadcrumb\"},\"inLanguage\":\"es\",\"potentialAction\":[{\"@type\":\"ReadAction\",\"target\":[\"https:\\\/\\\/postesdelcentro.com.ve\\\/?page_id=5007\"]}]},{\"@type\":\"ImageObject\",\"inLanguage\":\"es\",\"@id\":\"https:\\\/\\\/postesdelcentro.com.ve\\\/?page_id=5007#primaryimage\",\"url\":\"https:\\\/\\\/postesdelcentro.com.ve\\\/wp-content\\\/uploads\\\/2016\\\/09\\\/rectangulo-amarillo.png\",\"contentUrl\":\"https:\\\/\\\/postesdelcentro.com.ve\\\/wp-content\\\/uploads\\\/2016\\\/09\\\/rectangulo-amarillo.png\",\"width\":85,\"height\":3},{\"@type\":\"BreadcrumbList\",\"@id\":\"https:\\\/\\\/postesdelcentro.com.ve\\\/?page_id=5007#breadcrumb\",\"itemListElement\":[{\"@type\":\"ListItem\",\"position\":1,\"name\":\"Portada\",\"item\":\"https:\\\/\\\/postesdelcentro.com.ve\\\/\"},{\"@type\":\"ListItem\",\"position\":2,\"name\":\"Servicios\"}]},{\"@type\":\"WebSite\",\"@id\":\"https:\\\/\\\/postesdelcentro.com.ve\\\/#website\",\"url\":\"https:\\\/\\\/postesdelcentro.com.ve\\\/\",\"name\":\"Postes del Centro\",\"description\":\"\",\"potentialAction\":[{\"@type\":\"SearchAction\",\"target\":{\"@type\":\"EntryPoint\",\"urlTemplate\":\"https:\\\/\\\/postesdelcentro.com.ve\\\/?s={search_term_string}\"},\"query-input\":{\"@type\":\"PropertyValueSpecification\",\"valueRequired\":true,\"valueName\":\"search_term_string\"}}],\"inLanguage\":\"es\"}]}<\/script>\n<!-- \/ Yoast SEO plugin. -->","yoast_head_json":{"title":"Servicios | Postes del Centro, C.A.","description":"Nos dedicamos a la fabricaci\u00f3n de postes tubulares, hexagonales y torres de iluminaci\u00f3n, accesorios y comercializaci\u00f3n de materiales el\u00e9ctricos.","robots":{"index":"index","follow":"follow","max-snippet":"max-snippet:-1","max-image-preview":"max-image-preview:large","max-video-preview":"max-video-preview:-1"},"canonical":"https:\/\/postesdelcentro.com.ve\/?page_id=5007","og_locale":"es_ES","og_type":"article","og_title":"Servicios | Postes del Centro, C.A.","og_description":"Nos dedicamos a la fabricaci\u00f3n de postes tubulares, hexagonales y torres de iluminaci\u00f3n, accesorios y comercializaci\u00f3n de materiales el\u00e9ctricos.","og_url":"https:\/\/postesdelcentro.com.ve\/?page_id=5007","og_site_name":"Postes del Centro","article_modified_time":"2016-11-21T05:25:51+00:00","og_image":[{"url":"https:\/\/postesdelcentro.com.ve\/wp-content\/uploads\/2016\/09\/rectangulo-amarillo.png","type":"","width":"","height":""}],"twitter_card":"summary_large_image","twitter_misc":{"Est. reading time":"5 minutos"},"schema":{"@context":"https:\/\/schema.org","@graph":[{"@type":"WebPage","@id":"https:\/\/postesdelcentro.com.ve\/?page_id=5007","url":"https:\/\/postesdelcentro.com.ve\/?page_id=5007","name":"Servicios | Postes del Centro, C.A.","isPartOf":{"@id":"https:\/\/postesdelcentro.com.ve\/#website"},"primaryImageOfPage":{"@id":"https:\/\/postesdelcentro.com.ve\/?page_id=5007#primaryimage"},"image":{"@id":"https:\/\/postesdelcentro.com.ve\/?page_id=5007#primaryimage"},"thumbnailUrl":"https:\/\/postesdelcentro.com.ve\/wp-content\/uploads\/2016\/09\/rectangulo-amarillo.png","datePublished":"2016-09-29T18:40:37+00:00","dateModified":"2016-11-21T05:25:51+00:00","description":"Nos dedicamos a la fabricaci\u00f3n de postes tubulares, hexagonales y torres de iluminaci\u00f3n, accesorios y comercializaci\u00f3n de materiales el\u00e9ctricos.","breadcrumb":{"@id":"https:\/\/postesdelcentro.com.ve\/?page_id=5007#breadcrumb"},"inLanguage":"es","potentialAction":[{"@type":"ReadAction","target":["https:\/\/postesdelcentro.com.ve\/?page_id=5007"]}]},{"@type":"ImageObject","inLanguage":"es","@id":"https:\/\/postesdelcentro.com.ve\/?page_id=5007#primaryimage","url":"https:\/\/postesdelcentro.com.ve\/wp-content\/uploads\/2016\/09\/rectangulo-amarillo.png","contentUrl":"https:\/\/postesdelcentro.com.ve\/wp-content\/uploads\/2016\/09\/rectangulo-amarillo.png","width":85,"height":3},{"@type":"BreadcrumbList","@id":"https:\/\/postesdelcentro.com.ve\/?page_id=5007#breadcrumb","itemListElement":[{"@type":"ListItem","position":1,"name":"Portada","item":"https:\/\/postesdelcentro.com.ve\/"},{"@type":"ListItem","position":2,"name":"Servicios"}]},{"@type":"WebSite","@id":"https:\/\/postesdelcentro.com.ve\/#website","url":"https:\/\/postesdelcentro.com.ve\/","name":"Postes del Centro","description":"","potentialAction":[{"@type":"SearchAction","target":{"@type":"EntryPoint","urlTemplate":"https:\/\/postesdelcentro.com.ve\/?s={search_term_string}"},"query-input":{"@type":"PropertyValueSpecification","valueRequired":true,"valueName":"search_term_string"}}],"inLanguage":"es"}]}},"_links":{"self":[{"href":"https:\/\/postesdelcentro.com.ve\/index.php?rest_route=\/wp\/v2\/pages\/5007","targetHints":{"allow":["GET"]}}],"collection":[{"href":"https:\/\/postesdelcentro.com.ve\/index.php?rest_route=\/wp\/v2\/pages"}],"about":[{"href":"https:\/\/postesdelcentro.com.ve\/index.php?rest_route=\/wp\/v2\/types\/page"}],"author":[{"embeddable":true,"href":"https:\/\/postesdelcentro.com.ve\/index.php?rest_route=\/wp\/v2\/users\/1"}],"replies":[{"embeddable":true,"href":"https:\/\/postesdelcentro.com.ve\/index.php?rest_route=%2Fwp%2Fv2%2Fcomments&post=5007"}],"version-history":[{"count":19,"href":"https:\/\/postesdelcentro.com.ve\/index.php?rest_route=\/wp\/v2\/pages\/5007\/revisions"}],"predecessor-version":[{"id":5297,"href":"https:\/\/postesdelcentro.com.ve\/index.php?rest_route=\/wp\/v2\/pages\/5007\/revisions\/5297"}],"wp:attachment":[{"href":"https:\/\/postesdelcentro.com.ve\/index.php?rest_route=%2Fwp%2Fv2%2Fmedia&parent=5007"}],"curies":[{"name":"wp","href":"https:\/\/api.w.org\/{rel}","templated":true}]}}